common divisor of f and p?
10
Let j be (3/(-2) + -1)*-2. Let x be 5/((-20)/(-6))*10/1. What is the greatest common divisor of j and x?
5
Suppose 2*t = 297 + 1375. Calculate the highest common divisor of 19 and t.
19
Suppose -3 = 3*b, 4*t - 2*b - 2*b - 60 = 0. Let g = 4 + 0. Suppose 2*a - 4*a + 220 = 5*o, g*o - 2*a - 158 = 0. Calculate the highest common divisor of t and o.
14
Let b(m) = 2*m**3 - 4*m**2 + 3*m - 1. Let j be b(2). Suppose -j*q = -25, 0*q - 104 = l + 2*q. Let o = -50 - l. What is the greatest common factor of o and 16?
16
Let b = -28 - -24. Let c be (-46)/(-4) - 2/b. Calculate the highest common divisor of 108 and c.
12
Suppose -150 = -5*j - o, j - o - 44 = -4*o. Let k = -3191 + 3510. Calculate the highest common factor of j and k.
29
Suppose 3*o - 7*o - 24 = 0. Let t be (o/4)/((-12)/152). Calculate the greatest common factor of t and 19.
19
Let n(j) = -j - 10. Let u be n(-28). What is the highest common factor of 6 and u?
6
Let p(a) = -6*a - 91. Let h be p(-24). Let d = 86 - h. Calculate the greatest common divisor of d and 55.
11
Let x be -1*(4 + -2) - -12. Let t(o) = 7*o + 1. Let k be t(7). Calculate the greatest common factor of k and x.
10
Let g = 36 - 34. Suppose g*j - 5 - 39 = 0. Calculate the highest common divisor of j and 22.
22
Let v = 12 + -7. Suppose 2 = l, 4*x + 3*l = -0*x + 166. Calculate the greatest common divisor of v and x.
5
Let p(r) = r**3 - 10*r**2 + 11*r - 25. Let n be p(12). What is the highest common factor of n and 5?
5
Suppose 5*a + 4*l - 84 = 0, a - l = -6*l. Let c = a + -16. Suppose c*w - 3*w = 6. What is the highest common divisor of 48 and w?
6
Let q = -38 - -40. Suppose t - 378 = -q*t. What is the highest common factor of 42 and t?
42
Let a be (-2)/4 + (-18)/(-4). Let i = 21 + -26. Let f be (-927)/(-21) - i/(-35). What is the highest common divisor of f and a?
4
Let r(c) = 8*c**2 - 12*c**2 - 2 - 6*c**3 - 4*c + 10*c**3 - 5*c**3. Let f be r(-4). Calculate the highest common divisor of f and 98.
14
Let b(z) = z**2 - 2*z - 14. Let l be b(-12). Suppose -25 = 5*p - 95. Calculate the highest common divisor of l and p.
14
Suppose 1984 = 8*q - 1432. What is the greatest common divisor of 122 and q?
61
Let m(y) = 8*y**2 + y - 9. Let a be m(-2). What is the greatest common divisor of 1701 and a?
21
Suppose 3*m + 3 = 2*m. Let n = m + 5. Let b be (17 - 2)/(9/2 + -3). Calculate the highest common factor of n and b.
2
Let d be (-64 + -1)*((-330)/(-11))/(-3). Calculate the highest common divisor of 13 and d.
13
Let u be (21/6)/7*-10. Let b(v) = 2*v**2 + 2*v + 2. Let o be b(u). What is the highest common divisor of o and 6?
6
Let d = 755 - 345. What is the greatest common factor of 20 and d?
10
Let j(m) = m**2 - m - 2. Let o be j(-2). Let f = 342 - 302. Calculate the greatest common divisor of f and o.
4
Suppose 3*v - 2 = h - 5*h, -2*h = -4*v + 32. Let f be ((-38)/3 + -2)/((-4)/v). What is the greatest common factor of f and 110?
22
Suppose 2*v - 348 = -6*q + q, -4*q + 4*v = -256. Suppose -3*f + q = -f. Let s = 70 - f. What is the greatest common divisor of 9 and s?
9
Let i = 1866 + -1690. What is the highest common factor of 187 and i?
11
Let m be (39/15 + -2)*5. Suppose -64 = -j - 5*k + 108, -3*k = -m. Let d = j + -90. What is the highest common divisor of 11 and d?
11
Let v = 21 - 17. Suppose -v*b + 5 = -155. What is the greatest common factor of 16 and b?
8
Suppose 2*x = 5*l - 296, 5*x - 2*l + 794 = -3*l. Let v = -131 - x. What is the highest common factor of 9 and v?
9
Suppose -2*m = -6*m. Suppose -4*d - 3*o + 428 = 0, 2*d + m*o - 3*o = 232. Let f = -253 + 275. What is the greatest common factor of f and d?
22
Let j(u) = -23*u + 13. Suppose 1 = -3*m + 13. Suppose -m*a = 15 + 21. Let h be j(a). What is the greatest common divisor of h and 20?
20
Let t = 32 - 16. Let v = 21 - t. Suppose 117 = v*q - 603. Calculate the greatest common factor of q and 18.
18
Suppose -11 - 1 = -p. Let g be p*1/((-12)/(-32)). Calculate the highest common divisor of g and 32.
32
Let m(h) = -h**3 + 37*h**2 - 34*h - 44. Let x be m(36). Suppose 0 = -3*l + l + 8. Calculate the greatest common divisor of l and x.
4
Suppose 7*d + 42 - 42 = 0. Suppose -2*o - u + 21 = 0, -2*o = -d*o - 5*u - 39. What is the greatest common factor of 30 and o?
6
Let y be (-17)/(-3) + -5 - 1983/(-9). Calculate the greatest common divisor of 17 and y.
17
Suppose -135*y = -128*y - 364. What is the highest common factor of 247 and y?
13
Let s be (-17 - -24)/(1/3). Let h(r) = -2*r**2 + 21*r - 6. Let w be h(9). What is the greatest common divisor of s and w?
21
Let g = 178 + -80. Suppose 5*p - g = -18. Suppose -8 = -c - u + 1, -4*c - 2*u + 26 = 0. What is the highest common factor of p and c?
4
Let d be (-1401)/(-9) + 20/60. What is the highest common factor of 108 and d?
12
Suppose 1168 = -4*f - 220. Let d = f + 507. What is the greatest common divisor of 32 and d?
32
Suppose 64*d - 73*d + 9 = 0. Calculate the greatest common divisor of 67 and d.
1
Let j = 64 + 6. Let s(z) = z**3 - 5*z**2 - 20*z - 18. Let g be s(8). Calculate the greatest common factor of g and j.
14
Let t be 2*((-6)/(-10) - 2/20). Let u be 4/8*-2 - (-15 + t). Calculate the greatest common factor of u and 39.
13
Let b = -301 - -343. Calculate the greatest common factor of 112 and b.
14
Let l = 575 + -367. Let k = -1207 + 1233. What is the highest common divisor of k and l?
26
Let n(t) = -t**2 - 8*t + 5. Let j be n(-7). Let c(p) = 5*p + 7 + 11*p - p**2 - 27. Let r be c(14). Calculate the greatest common factor of r and j.
4
Let g = -806 + 911. What is the greatest common divisor of g and 357?
21
Suppose -34*x = 252 - 1068. What is the greatest common divisor of 30 and x?
6
Let k = 1232 - 656. What is the greatest common factor of k and 18?
18
Suppose 2*b = -3*r + 12, 0 = b + 3*r - 2 - 10. Suppose b*m = 5*l + 4*m - 173, 0 = -4*l + 5*m + 122. What is the greatest common divisor of l and 363?
33
Suppose 8*h = 5*h - 126. Let a be ((h/4)/((-51)/68))/2. Calculate the greatest common factor of 7 and a.
7
Suppose 3*m = -g - 7 - 4, 4*g = -5*m - 9. Let w(s) = -s**2 + 7*s + 6. Let q be w(g). What is the highest common divisor of q and 45?
9
Let x(v) = v - 23. Let k be x(27). Calculate the highest common factor of 32 and k.
4
Suppose -a - 216 = -3*a. Suppose 0 = j + 2*t - 22, -20 = j - 2*t - 22. What is the highest common divisor of j and a?
12
Let d(y) be the first derivative of 14*y**2 + 8*y + 4. Let q be d(4). What is the greatest common factor of q and 24?
24
Suppose 8*v - 45 = 19. What is the highest common factor of v and 20?
4
Suppose 2*c + 3*c + 133 = 4*r, -4 = 4*c. Suppose 116 = 6*n - 118. Suppose -u - 7 = -n. Calculate the highest common divisor of u and r.
32
Suppose 3*o - 2*c + 16 = 0, 3*c - 26 = 2*o + 3*o. Let z = 76 + o. Calculate the highest common divisor of z and 8.
8
Suppose -8*l - 204 = -316. Calculate the greatest common divisor of 20 and l.
2
Let p(r) = -3*r + 42. Let t(n) = n**3 + 8*n**2 + 4*n - 10. Let w be t(-7). Let d be p(w). Calculate the highest common divisor of 90 and d.
9
Let c = 166 - 58. Suppose -15*j - c = -18*j. Calculate the highest common factor of j and 12.
12
Let a = 4 + 6. Let g be 4/18 + (-9)/((-486)/11922). Let p = g - 151. What is the greatest common factor of a and p?
10
Let w be 5094/27 + (-3)/(-9). Suppose 0*l = 3*l - w. Suppose 39 = -a + 5*a - q, 3*q = -a. Calculate the greatest common factor of a and l.
9
Suppose -2*o = 5*t - 30, 9*t + 2*o - 6 = 10*t. Suppose 5*u - 276 = -2*d, t*d = 3*d + 3. Calculate the greatest common factor of 135 and u.
27
Let b be (-1426)/10 + 2 + (-24)/(-40). Let y = b + 212. Let l(f) = f**3 + 7*f**2. Let j be l(-6). What is the highest common factor of j and y?
36
Let z = 77 - 21. Let g be 88 + (-5 - -1 - 3) + 3. Calculate the greatest common divisor of z and g.
28
Let n = -35 + 590. What is the greatest common divisor of n and 60?
15
Let v(y) = 33*y + 14*y**2 - 2*y**3 + 37*y - 14 - 74*y. Let x be v(6). What is the greatest common divisor of 34 and x?
34
Suppose -2 - 2 = 3*h + 4*j, -3*h + 20 = -2*j. Suppose -2*c + h*c = 68. Let a = c - -21. What is the greatest common factor of a and 5?
5
Suppose 17*m + 5*m = 1936. What is the greatest common factor of m and 32?
8
Let k(j) = -j**3 - 14*j**2 + 10*j + 2. Let c be k(-15). Calculate the gre